{"id":418,"date":"2014-05-21T23:25:29","date_gmt":"2014-05-21T21:25:29","guid":{"rendered":"http:\/\/www.phonographie.org\/?page_id=418"},"modified":"2025-11-30T17:55:34","modified_gmt":"2025-11-30T15:55:34","slug":"archiv","status":"publish","type":"page","link":"https:\/\/www.phonographie.org\/?page_id=418","title":{"rendered":"<span class=\"raindrops_unique_identifier\">[Article 418]<\/span>Archiv"},"content":{"rendered":"<p><strong>Konzerte:<\/strong><\/p>\n<ul>\n<li><strong>07.10.2023:<\/strong> JANHRDMN &#8211; f\u00f8mites &#8211; Sebotonin<\/li>\n<li><span class=\"_5yl5\"><strong>03.11.2019:<\/strong> d&#8217;incise CH &#8211; Chainblocker D<\/span><\/li>\n<li><strong><span class=\"_5yl5\">29.09.2019: <\/span><\/strong><span class=\"_5yl5\">Budhaditya Chattopadhyay<\/span><span class=\"_5yl5\"><a href=\"https:\/\/www.phonographie.org\/?p=2018\"> &#8211; <\/a>Lasse Marc Riek<\/span><\/li>\n<li><strong>16.09.2019:<\/strong> Holzkopf (CAN)<\/li>\n<li><span class=\"_5yl5\"><strong>07.07.2019:<\/strong> City Dragon (F) &#8211; Turmbau (D)<\/span><\/li>\n<li><strong>23.06.2019:<\/strong> DRUMS + DISARM in der Kunsthalle Schirn<\/li>\n<li><strong>25.04.2019:<\/strong> Tatsuru Arai (JP)<\/li>\n<li><strong>22.02.2019:<\/strong> SPRRW (D) &#8211; Amethyst (D)<\/li>\n<li><strong>15.11.2018:<\/strong> f_r_e (F) &#8211; Phober (D)<\/li>\n<li><strong>02.08.2018:<\/strong> SPRRW (D) &#8211; AMETHYST (D)<\/li>\n<li><strong>31.05.2018:<\/strong> Phonophon presents: Experiments<\/li>\n<li><strong>18.05.2018:<\/strong> Opening Performance Orchestra (CZ)<\/li>\n<li><strong>20.04.2018:<\/strong> Soft As Snow (NO) &#8211; SA|CH|ME (D)<\/li>\n<li><strong>28.03.2018: <\/strong>Haarp Hysteria (D) &#8211; Tooth Decay (D) &#8211; I&#8217;ve Seen Demons (D)<\/li>\n<li><strong>04.03.2018: <\/strong>Plurals (UK) &#8211; Bernd Michael Land (D)<\/li>\n<li><strong>24.02.2018: <\/strong>Workshop\/Concert: Francesca Naibo (CH)<\/li>\n<li><strong>26.01.2018:<\/strong> Sone (USA\/F) &#8211; Roland Etzin (D)<\/li>\n<li><strong>30.11.2017:<\/strong> Annabelle Playe (F) &#8211; N-Jan Klare (D)<\/li>\n<li><strong>25.10.2017:<\/strong> Strom (D) &#8211; Jean Voguet (F)<\/li>\n<li><strong>22-24.07.2017:<\/strong> Phonophon presents: Glitch It! V2 &#8211; The Audio\/Visual Glitch Festival<\/li>\n<li><strong>10.07.2017:<\/strong> Doron Sadja (USA) &#8211; City Dragon (F)<\/li>\n<li><strong>06.06.2017:<\/strong> Futuro de Hierro (E) &#8211; Torstn Kauke (D)<\/li>\n<li><strong>06.05.2017:<\/strong> Federico Dal Pozzo (I) &#8211; Oliver Kaib (D)<\/li>\n<li><strong>01.03.2017:<\/strong> KONZERT E42.A8 (BE\/FR) &#8211; Juan Manuel Castrillo (ES)<\/li>\n<li>11.12.2016: Reflow (D) \u2013 trabouliste &amp; Wilke (D) &#8211; Worsel Strauss (D)\u2013 Les Croisi\u00e8res Dolori (F\/BE)<\/li>\n<li>19.11.2016: Mortaja (D) &amp; Tardive Dyskinesia (D)<\/li>\n<li>15.11.2016: BOM\/Korn\u00e9l B\u00edr\u00f3 (HU) &#8211; Maxim Engl (D) &#8211; La Manta (F)<\/li>\n<li>08.11.2016: Xover (IT\/USA) &#8211; Flo Huth (D)<\/li>\n<li>26.10:2016: PHARMAKUSTIK (D) &#8211; Weinglas (D) &#8211; Jan-Hinnerk Helms(D)<\/li>\n<li>22.10.2016: Limited Liability Sounds (PL) \/ Emerge (D) \/ Muyassar Kurdi (US) \/ b\u00b0tong (CH)<\/li>\n<li>07.10.2016: Scattered Purgatory (TW) \u2013 Materialeinsch\u00fcchterung (D) \u2013 ACRYLWAFFEN (D)<\/li>\n<li>01.10.2016: Kybernaughty (PPK) &#8211; Tarsus (NSL) &#8211; The Neon Hitlers (LLL)<\/li>\n<li>08.09.2016: Sothiac (IT) &#8211; Tim Nagel (D)<\/li>\n<li>05.07.2016: EREL\/RIEK (TRK\/D) \u2013 LIN\/LOG (D)<\/li>\n<li>25.06.2016: Unii (JP) &#8211; Lend Me Your Underbelly (NL)<\/li>\n<li>04.06.2016: Junzo Suzuki (JP) &#8211; Oliver Kaib (D)<\/li>\n<li>19.05.2016: Beno\u00eet and the Mandelbrots (D), Motordrones (D), Circuitnoise (D)<\/li>\n<li>27.04.2016: Ponton (SRB) &#8211; Orfada (SRB, MEX)<\/li>\n<li>09.04.2016: WUORNOSAILEEN BANDE (IT) \u2013 Benjamin Flesser (D)<\/li>\n<li>03.04.2016: Frank Schulte (DE) \u2013 Workshop\/Jasuto (DE)<\/li>\n<li>22.03.2016: Sindre Bjerga (NO) &#8211; Modelbau (Frans de Waard) (NL) &#8211; Tech Riders (NO, NL)<\/li>\n<li>18.03.2016: Aidan Baker (CDN) &#8211; N (DE)<\/li>\n<li>08.03.2016: Rolf W\u00f6hrmann: Visual Sound Design<\/li>\n<li>26.02.2016: tbc_czepoks (DE) &#8211; The New Magic Easel Orchestra (DE) &#8211; Matze Schmidt (DE)<\/li>\n<li>06.02.2016: Capsular (DE) &#8211; Kaffee und Kuchen (DE)<\/li>\n<li>18.01.2016: 1000schoen (DE) &#8211; Nostalgie \u00c9ternelle (DE)<\/li>\n<li>08.01.2016: Martwa Natura (PL, DE) &#8211; Eigenidyll (DE)<\/li>\n<li>06.12.2015: Robert Schwarz (AT) \u2013 Circuitnoise (DE)<\/li>\n<li>03.11.2015: INDUSTRO\u00cfKA (BE) \u2013 T\u00d6RST OBBORUN (BE) \u2013 HAG (FR)<\/li>\n<li>30.10.2015: Mandelbrot \/ Philip M\u00fcnch (D) &#8211; Franz Joseph Kaputt (D)<\/li>\n<li>14.10.2015: Void Of Sound (NO) \u2013 JEWEL OF THE EAR (CH\/ USA) \u2013 PHI TA KHON: GHOSTS OF ISAN (Film)<\/li>\n<li>03.10.2015: Kybernaughty (D) &#8211; Antenna Research (D)<\/li>\n<li>17.09.2015: Budhaditya Chattopadhyay (IND) &amp; Lasse Marc Riek (D) &#8211; Roland Etzin (D)<\/li>\n<li>25.06.2015: Melmann \/ DM (AR) &#8211; Waffensupermarkt (D)<\/li>\n<li>22.06.2015: trabouliste\/Schmitt (D) &#8211; Bruital Orgasme (BE)<\/li>\n<li>16.06.2015: Eric Leonardson (USA)\u00a0&#8211; Theo Goodman (D\/USA)<\/li>\n<li>27.05.2015: Eric Arn (USA) &#8211; Jung An Tagen (A) &#8211; HEXENEICHE (NL)<\/li>\n<li>17.05.2015: Yuri Landman (NL): Orchestra Performance &amp; Solo Performance<\/li>\n<li>12.05.2015: Helios &amp; Hess (CH)\u00a0&#8211; Sebastian Scherer (D)<\/li>\n<li>29.04.2015: Unii (JP) &#8211; Pedro Lopes (P) &#8211; Tobias Schmitt (D)<\/li>\n<li>19.04.2015: Worsel Strauss (D) &#8211; Roy Carroll (IRL)<\/li>\n<li>15.04.2015: Conjecture (GR) &#8211; Mytrip (BG)<\/li>\n<li>03.04.2015: Morihide Sawada (JP) &#8211; Christian Schr\u00f6der (D)<\/li>\n<li>21.03.2015: Anemone Tube (D) &#8211; dp (CH)<\/li>\n<li>13.03.2015: CLUBbleu (D) &#8211; Musica Practica (D)<\/li>\n<li>25.02.2015: T\u00f6rst Obborun (B)<\/li>\n<li>06.02.2015: Noise Arcade (CN) &#8211; Lasse-Marc Riek (D)<\/li>\n<li>16.01.2015: BUG (CH)<\/li>\n<li>26.11.2014: Marc Behrens (D) &#8211; Brandstifter (D)<\/li>\n<li>12.11.2014: Judy Dunaway (USA) &#8211; Feine Trinkers bei Pinkels daheim (D)<\/li>\n<li>10.11.2014: Peter Wie\u00dfenthaner\/Gero Koenig (D) &#8211; Patrick Bessler (D)<\/li>\n<li>01.11.2014: Trabouliste\/ Brass Lines (DE) &#8211; Jan Kees Helms (NL)<\/li>\n<li>29.10.2014: TZII (BE) &#8211; Filip Gheysen (BE) &#8211; TraumaSutra (BE)<\/li>\n<li>18.10.2014: Petra Dubach\/ Mario van Horrik (NL) &#8211; Siegfried K\u00e4rcher (D)<\/li>\n<li>08.10.2014: Star Turbine (N) &#8211; Bernd &#8211; Michael Land (D)<\/li>\n<li>17.09.2014: Lerin\/Hystad (S\/N) &#8211; ret p*air (D)<\/li>\n<li>10.09.2014: Golem Mecanique (F) &#8211; Waffensupermarkt (D)<\/li>\n<li>06.09.2014: t.b. OR NOT t.b. (D) &#8211; B\u00b0tong (CH) &#8211; Rovar17 (HU)<\/li>\n<li>25.06.2014: Antez (F) \u2013 Ayankoko (F) \u2013 Sawada (JP)<\/li>\n<li>17.06.2014: Sajjra (PE) \u2013 Moogulator (D)\u00a0\u2013 Praying for Oblivion (USA)<\/li>\n<li>04.06.2014: CLUBbleu (D) \u2013 Diatribes (CH)<\/li>\n<li>29.05.2014: Petrels (UK) \u2013 Talvihorros (UK) \u2013 Laid Eyes (UK)<\/li>\n<li>17.05.2014: Piotr Kurek (PL) \u2013 Radiolux (D) \u2013 RM74 (CH)<\/li>\n<li>16.04.2014: thisquietarmy (CAN) &#8211; Andr\u00e9 Foisy (USA)<\/li>\n<li>04.04.2014: Re-Drum (RU) &#8211; JOUX JOUX (D) &#8211; EMERGE (D)<\/li>\n<li>31.03.2014: Bruital Orgasme (B) &#8211; Suspicion Breeds Confidence (D)<\/li>\n<li>14.03.2014: Konkret zu Abstrakt (D) &#8211; Phirnis\/Euphoric Hum (D)<\/li>\n<li>07.03.2014: Cyls (D\/CH) &#8211; Dirk Huelstrunk (D)<\/li>\n<li>28.02.2014: SOHNE (D) &#8211; Theo Goodman (USA\/D)<\/li>\n<li>24.02.2014: Jason Lescalleet (USA) &#8211; Richmond \/ Schreiner (D)<\/li>\n<li>09.01.2014: Glauser &amp; Strotter Inst. (CH) &#8211; laurenrodz (F)<\/li>\n<li>30.11.2013: Waelder (D) &#8211; Hering und seine sieben Sachen (D)<\/li>\n<li>16.11.2013: attenuation circuit (D)<\/li>\n<li>10.11.2013: Bruzgynai (LT) &#8211; Daina Dieva (LT) &#8211; Oorchach (LT)<\/li>\n<li>01.11.2013: If, Bwana (USA) &#8211; Timon Jansen (D)<\/li>\n<li>17.10.2013: Onophon (A) &#8211; JIKU55 (J\/D)<\/li>\n<li>11.09.2013: Jenny Gr\u00e4f Sheppard (USA) &#8211; Absinthe des Steppes (F\/CAN)<\/li>\n<li>29.07.2013: Solar Skeletons (SUN) &#8211; Das elektronische Schaf (D)<\/li>\n<li>27.04.2013: Konrad Korabiewski (PL\/DK) &#8211; ATMO TAPES 98 (D)<\/li>\n<li>13.04.2013: Sudden Infant (CH\/D) &#8211; LDX#40 (D)<\/li>\n<li>29.03.2013: Antez (F) &#8211; Robert Piotrowicz (PL)<\/li>\n<li>19.03.2013: Christoph Heemann (D) &#8211; Celer (JP)<\/li>\n<li>15.03.2013: Alan Courtis (RA) &#8211; Goodman\/Schmitt (US\/D)<\/li>\n<li>17.02.2013: Paul Hegarty (IRL) &#8211; Dan Guiney (IRL)<\/li>\n<li>22.11.2012: Franck VIGROUX (F) &#8211; Gruenrekorder DJ Set (D)<\/li>\n<li>02.11.2012: Prszr (AT) &#8211; Guido Braun (D)<\/li>\n<li>29.09.2012: Contagious Orgasm (JP) &#8211; Tzii (F)<\/li>\n<li>22.09.2012: JIKUUUUUUUUUUU\u6642\u7a7a (JP) &#8211; Thomas Tilly (F)<\/li>\n<li>21.07.2012: Eric Leonardson (US) &#8211; Belma Be\u0161li\u0107-G\u00e1l \/ Bernhard G\u00e1l (AT) &amp; Goran Stevanovic (D)<\/li>\n<li>15.06.2012: 3 Banditos (S \/ D) &#8211; CIRCUITNOISE (D) &#8211; LDX$40 (EU)<\/li>\n<li>05.05.2012: Theo Goodman (D) &#8211; Andreas Glauser (CH)<\/li>\n<li>13.04.2012: textXTND (D)<\/li>\n<li>03.03.2012: Hi-fi\/Lo-noise (US \/ F)<\/li>\n<li>16.11.2011: Nocturnal Emissions (UK) &#8211; DJ Zipo \/ DJ performances (D)<\/li>\n<li>24.10.2011: Merzouga (D) &#8211; Clemens Hausch (AT)<\/li>\n<li>07.09.2011: Budhaditya Chattopadhyay (IND) &amp; Lasse-Marc Riek (D) &#8211; Autumn Appreciation Society (D)<\/li>\n<li>13.08.2011: Pit Noack (D) &#8211; Theodore Goodman (D)<\/li>\n<li>30.06.2011: Gregor Kn\u00fcppel (D) &#8211; phase~in (D)<\/li>\n<li>29.04.2011: PIRX (D) &#8211; mspiano (D)<\/li>\n<li>04.12.2010: Kolter (D) &#8211; Dirk HuelsTrunk (D)<\/li>\n<li>23.06.2010: Etienne Coussirat &amp; Emmanuel Holterbach (F) &#8211; Aiden Mark Humphreys\/ Ingo Post (UK \/ D)<\/li>\n<li>15.05.2010: TBC\/ CoCo (D) &#8211; Tectonics (AT)<\/li>\n<li>12.11.2009: Evapori (D) &#8211; Gregory B\u00fcttner (D)<\/li>\n<li>12.09.2009: Spherical Disrupted (D) &#8211; Alarmen (D)<\/li>\n<li>05.06.2009: Olivier Nijs (NL) &#8211; Heribert Friedl (AT)<\/li>\n<li>12.04.2009: Chris Cook (UK) &#8211; Patrick Franke (D)<\/li>\n<\/ul>\n<p><strong>Workshops:<\/strong><\/p>\n<ul>\n<li><strong>18.10.2025:<\/strong> <a href=\"https:\/\/www.phonographie.org\/?p=2378\">Ableton Live Workshop: Patchen, Resamplen, Flow<\/a><\/li>\n<li><strong>21.06.2018:<\/strong> Demo + Workshop Deluge by Synthstrom<\/li>\n<li><strong>24.02.2018: <\/strong>Workshop\/Concert: Francesca Naibo (CH)<\/li>\n<li><strong>04.+05.03.2017:<\/strong> WORKSHOP Initiation to Phonojournalism<\/li>\n<li><strong>02.03.2017:<\/strong> PHONOTALK Sound Activism<\/li>\n<li><strong>25.02.2017:<\/strong> WORKSHOP Livecoding mit SuperCollider<\/li>\n<li>23.04.2016: A<wbr \/>V\u00a0<wbr \/>Workshop \u2014\u00a0<wbr \/>Tools,\u00a0<wbr \/>V<wbr \/>Jing &amp;\u00a0<wbr \/>Video\u00a0<wbr \/>Mapping\u00a0<wbr \/>Software<\/li>\n<li>02.04.2016&amp;03.04.16: Workshop: Einf\u00fchrung in die (experimentelle) elektronische Musik \/ Modularsynthese mit Jasuto<\/li>\n<li>14.02.2016: Workshop\/performance: Movement, voice and theatrical techniques with Muyassar Kurdi<\/li>\n<li>04.10.2015: Workshop Circuit Bending\/ Konzert mit Tasos Stamou<\/li>\n<li>11.07.2015: DIY Synth &amp; Fx Workshop mit Leaf Audio<\/li>\n<li>16.05.2015: Build your own Home Swinger by Yuri Landman<\/li>\n<li>16.05.2015: Build your own Kalimba by Yuri Landman<\/li>\n<li>16.11.2013: Phonosynth<\/li>\n<li>11.02.2012 &amp; 12.02.2012: Dance Improvisation and Composition<\/li>\n<li>22.01.2012: BYO Instrument &#8211; Die Phonophon-Session<\/li>\n<li>03.07.2010: Feedback<\/li>\n<li>29.05, 19. &amp; 20.06.2010: Tonangel: Ein Workshop f\u00fcr auditive Wahrnehmung (Stefan Militzer &amp; Lasse-Marc Riek)<\/li>\n<li>16. &amp; 17.10.2009: Primitive Schallplattenherstellung<\/li>\n<\/ul>\n<p><strong>Phonokino:<\/strong><\/p>\n<ul>\n<li><span class=\"_5yl5\"><strong>14.07.2019:<\/strong> Phonokino: Farben von Bernd Michael Land<\/span><\/li>\n<li>02.10.2013: Phonokino II<\/li>\n<li>10.02.2013: Phonokino<\/li>\n<\/ul>\n<p><strong>Sonderveranstaltungen:<\/strong><\/p>\n<ul>\n<li><strong>26.10.2025:<\/strong> <a href=\"https:\/\/www.phonographie.org\/?p=2386\">Modularium 05<\/a><\/li>\n<li><strong>17.08.2025:<\/strong> <a href=\"https:\/\/www.phonographie.org\/?p=2351\">Modularium 04<\/a><\/li>\n<li><strong>19.07.2025:<\/strong> <a href=\"https:\/\/www.phonographie.org\/?p=2340\">PhonoJam<\/a><\/li>\n<li><strong>23.03.2024:<\/strong> <a href=\"https:\/\/www.phonographie.org\/?p=2332\">Modularium 03<\/a><\/li>\n<li><strong>20.12.2024: <\/strong><a href=\"https:\/\/www.phonographie.org\/?p=2324\">Klirrbar presents: Phonophon Night<\/a><\/li>\n<li><strong>28.07.2024:<\/strong> <a href=\"https:\/\/www.phonographie.org\/?p=2317\">Modularium_02<\/a><\/li>\n<li><strong>30.06.2024:<\/strong> Modularium<\/li>\n<li><strong>10.12.2023:<\/strong> Modular Matinee<\/li>\n<li><strong>18.11.2023:<\/strong> PhonoJam<\/li>\n<li><strong>22.10.2023:<\/strong> Modular Matinee<\/li>\n<li><strong>23.09.2023:<\/strong> PhonoFest<\/li>\n<li><strong>18.06.2023:<\/strong> Modular Matinee<\/li>\n<li><strong>05.02.2023:<\/strong> Modular Matinee<\/li>\n<li><strong>26.06.2022: <\/strong>Modular Matinee<\/li>\n<li><strong>16.02.2020:<\/strong> Modular Matinee<\/li>\n<li><strong>11.01.2020:<\/strong> PhonoJam<\/li>\n<li><strong>24.11.2019:<\/strong> Modular Matinee<\/li>\n<li><strong>19.10.2019:<\/strong> PhonoFest &#8211; 10 Jahre Phonophon<\/li>\n<li><span class=\"_5yl5\"><strong>17.08.2019: <\/strong>PhonoJam<\/span><\/li>\n<li><span class=\"_5yl5\"><strong>21.07.2019:<\/strong> Modular Matinee<\/span><\/li>\n<li><strong>17.03.2019:<\/strong> Modular Matinee<\/li>\n<li><strong>17.02.2019:<\/strong> TechTalk<\/li>\n<li><strong>19.01.2019<\/strong>: PhonoJam<\/li>\n<li><strong>17.11.2018:<\/strong> PhonoJam<\/li>\n<li><strong>30.09.2018:<\/strong> Modular Matinee IV<\/li>\n<li><strong>15.04.2018:<\/strong> Modular Matinee III<\/li>\n<li><strong>31.01.2018: <\/strong>PhonoJam<\/li>\n<li><strong>02.12.2017:<\/strong> Phonojam<\/li>\n<li><strong>30.09.2017:<\/strong> Phonofest<\/li>\n<li><strong>24.09.2017<\/strong>: Modular Matinee II<\/li>\n<li><strong>12.05.2017:<\/strong> Phonojam<\/li>\n<li><strong>09.04.2017:<\/strong> Modular Matinee<\/li>\n<li>16.09.2016: Glitch It! 2\/2 The Audio\/Visual Glitch Night @ Phonophon<\/li>\n<li>28.02.2016: PHONO FESTIVAL 2016 \u2013 100te Veranstaltung<\/li>\n<li>15.06.2013: Phonofest<\/li>\n<li>25.04.2015: Phonophon @ Nacht der Museen 2015<\/li>\n<li>04.05.2013: Phonophon @ Nacht der Museen 2013<\/li>\n<li>07.05.2011: Phonophon @ Nacht der Museen 2011<\/li>\n<\/ul>\n","protected":false},"excerpt":{"rendered":"<p>Konzerte: 07.10.2023: JANHRDMN &#8211; f\u00f8mites &#8211; Sebotonin 03.11.2019: d&#8217;incise CH &#8211; Chainblocker D 29.09.2019: Budhaditya Chattopadhyay &#8211; Lasse Marc Riek 16.09.2019: Holzkopf (CAN) 07.07.2019: City Dragon (F) &#8211; Turmbau (D) 23.06.2019: DRUMS + DISARM in der Kunsthalle Schirn 25.04.2019: Tatsuru Arai (JP) 22.02.2019: SPRRW (D) &#8211; Amethyst (D) 15.11.2018: f_r_e (F) &#8211; Phober (D) 02.08.2018: [&hellip;]<\/p>\n","protected":false},"author":1,"featured_media":0,"parent":0,"menu_order":0,"comment_status":"closed","ping_status":"closed","template":"","meta":{"footnotes":""},"class_list":["post-418","page","type-page","status-publish","hentry"],"_links":{"self":[{"href":"https:\/\/www.phonographie.org\/index.php?rest_route=\/wp\/v2\/pages\/418","targetHints":{"allow":["GET"]}}],"collection":[{"href":"https:\/\/www.phonographie.org\/index.php?rest_route=\/wp\/v2\/pages"}],"about":[{"href":"https:\/\/www.phonographie.org\/index.php?rest_route=\/wp\/v2\/types\/page"}],"author":[{"embeddable":true,"href":"https:\/\/www.phonographie.org\/index.php?rest_route=\/wp\/v2\/users\/1"}],"replies":[{"embeddable":true,"href":"https:\/\/www.phonographie.org\/index.php?rest_route=%2Fwp%2Fv2%2Fcomments&post=418"}],"version-history":[{"count":135,"href":"https:\/\/www.phonographie.org\/index.php?rest_route=\/wp\/v2\/pages\/418\/revisions"}],"predecessor-version":[{"id":2400,"href":"https:\/\/www.phonographie.org\/index.php?rest_route=\/wp\/v2\/pages\/418\/revisions\/2400"}],"wp:attachment":[{"href":"https:\/\/www.phonographie.org\/index.php?rest_route=%2Fwp%2Fv2%2Fmedia&parent=418"}],"curies":[{"name":"wp","href":"https:\/\/api.w.org\/{rel}","templated":true}]}}